 -2) - 5?
-3
What is the value of -9 - (-14 + 6) - (-1 - -4)?
-4
Evaluate -4 + 9 - (4 + 0).
1
Calculate -12 - (4 + -15 + -9).
8
What is 3 - (0 + 7 + -9 - -2)?
3
Evaluate 6 - (-2 + 3 + -1 + 1).
5
Evaluate (15 - 16) + (5 - 4) + 2.
2
Evaluate 3 + -3 - (0 + (3 - 5)).
2
Evaluate -2 + 2 - 0 - (24 - 21).
-3
Calculate -1 - 7 - (2 + (-4 - -1)).
-7
Calculate 12 - 7 - (0 + 3).
2
What is 0 + (9 - (-2 + 7))?
4
Evaluate 4 + -6 + 0 + 0 - 1.
-3
-1 - 2 - (-9 + (-3 - -4))
5
What is -15 - (-20 - -12) - -9?
2
Calculate -16 + (-3 - -9) + 3 + -2.
-9
Evaluate 3 - (-5 + 3 + -4 - -13).
-4
What is 5 + (0 - (8 - 5))?
2
Evaluate -4 + (-1 - -5) + 1 + -1.
0
What is the value of -8 - (-19 + (9 - 4))?
6
What is (-3 - (-1 - (3 - 3))) + 5?
3
Evaluate (-1 - 3 - 3) + 3.
-4
What is the value of 6 + (-5 - (1 + -5) - 4)?
1
What is (1 - -2) + -12 + 8 - -1?
0
-4 + 0 + (-20 - -26)
2
(-65 - -69) + (0 - 1) + -2
1
What is 8 - 6 - (-2 - -1)?
3
9 - (-1 - (10 + -16))
4
What is -9 + 3 - (-45 - -45)?
-6
5 - (2 - -1 - 0)
2
Calculate 0 - 1 - -1 - (-32 - -28).
4
What is the value of (-14 - -13) + 0 + 3?
2
What is -2 - -3 - (-14 - -12)?
3
What is the value of -1 - -6 - (-13 - -46 - 20)?
-8
8 + 2 - (14 + -5 + -3)
4
What is -10 + 2 - -21 - 12?
1
Calculate 4 + (2 - 1) + 1 - 3.
3
Calculate 1 + -10 + 58 + -44.
5
What is the value of -7 - 2 - (-5 + 6)?
-10
(2 + -1 - 1) + (18 - 16)
2
-5 + (-5 - -8) + 3 + -6
-5
Calculate (-10 + 22 - 2) + -9.
1
What is 1 - (0 - (3 - 1) - -2)?
1
(-2 + -3 - -1) + (-4 - -3)
-5
2 + -6 + -1 + (4 - 3)
-4
What is -11 + 2 - (108 - 109)?
-8
Calculate -6 + (3 - (2 + 0)).
-5
Evaluate 8 - 2 - (-25 + 27).
4
What is the value of -5 + (-5 - -7) + 2?
-1
What is 3 - (3 - -1) - 1?
-2
Evaluate -31 + 18 + (1 - -7).
-5
What is 2 - 1 - (2 - (0 + 7))?
6
What is the value of (0 - -2) + -2 - (13 + -10)?
-3
Calculate -1 + (6 - 6 - 3).
-4
What is the value of -5 + -5 + 2 + 3?
-5
Evaluate -4 + -3 + -1 + 5 + 1.
-2
Evaluate 7 - 1 - (-8 + 4 - -5).
5
What is the value of 1 + -4 + 5 + -3 - -6?
5
Calculate -87 + 87 - (2 + (5 - 1)).
-6
(6 - (-2 + -5)) + -9
4
Evaluate 12 - 4 - (13 - 6).
1
2 + -4 - 4 - -4 - -2
0
Calculate (4 - 2) + 1 + 14 + -18.
-1
Calculate (-7 - (3 - 6)) + -1.
-5
(1 - 1) + (3 - (-2 + 3))
2
What is the value of -3 + (-1 - -3) + -2 - -3?
0
Evaluate -9 + (2 - (-6 + 4)).
-5
What is the value of 1 + (-6 - 0 - (-23 + 19))?
-1
-6 - -13 - 9 - -6
4
What is the value of 2 - 1 - (-17 + 12)?
6
What is -2 - (-5 - (-1 + (9 - 6)))?
5
What is 2 - (9 + -4) - 2?
-5
What is the value of -7 - (6 + 0 + -6)?
-7
Calculate 2 - 6 - (-8 - -6).
-2
What is 6 + -6 + -8 + 6?
-2
1 + 1 + (23 - 26)
-1
Evaluate 2 + 0 + (-8 + 4 - -5).
3
What is (-6 - 0) + -3 + 5?
-4
What is -1 + 3 + 1 + -3?
0
(-5 - -2) + 0 + 7
4
What is the value of (-2 - (-2 + (2 - -1))) + 6?
3
3 - (-9 - -8 - -5)
-1
-6 + -2 + -4 + 5 - -5
-2
What is 11 + 4 + -13 + 0 + 3?
5
Evaluate (4 - 10) + 2 - -6.
2
What is the value of -4 + (0 - 7) + (1 - -5)?
-5
Calculate (11 + 1 - 2) + -16.
-6
-3 - 2 - (-16 - -14)
-3
Evaluate 4 + (-1 - (-1 + 0)).
4
7 + -20 + -2 + 8
-7
What is the value of -7 - (-2 + -1) - 0?
-4
Evaluate 0 - (1 + -7 - -8).
-2
What is the value of (27 + -13 - 18) + (4 - 2)?
-2
What is 2 + 4 + 2 + (1 - 2)?
7
What is the value of 0 + (-2 - (-9 - (5 + -9)))?
3
What is -6 + (-4 - -4) - -10 - -3?
7
Evaluate -3 - ((3 + -4 - -2) + 1).
-5
Calculate -4 + (-9 - -23) + -15.
-5
0 + -4 + 7 - -3 - 3
3
Evaluate -6 + -1 - (-54 + 43).
4
(146 - 149) + (-7 - -1 - -2)
-7
Calculate (6 - (-5 + 0)) + (-6 - -1).
6
Evaluate 1 - (21 + -30 + 4 + 1).
5
Calculate (13 - 15) + 2 + -1 + -1.
-2
Calculate 14 + -2 - 3 - 14.
-5
Evaluate -8 - (6 + -2 - 10).
-2
4 - (2 - 7 - -4)
5
-12 - (-10 + 3 + (-1 - -1))
-5
Calculate -4 + (1 - 4) + 4 + 3.
0
What is the value of 3 + 4 + (-1 - (-4 - -7))?
3
What is the value of 0 + 2 + (-5 + -2 - 3)?
-8
What is the value of 8 + (-4 - -1) - (6 + -1)?
0
What is the value of 5 + -3 + (-2 - 2)?
-2
Evaluate 12 - (12 + (7 - 16)).
9
What is the value of -1 + -3 + 1 - (3 + -11)?
5
Calculate 8 + -15 + 5 + 8.
6
What is (-6 - 3 - 0) + 12?
3
-1 + 1 + -13 + -7 + 13
-7
Calculate -3 - 0 - (-5 - (3 - 4)).
1
What is the value of 2 + -3 + (26 - 31)?
-6
Evaluate (-4 - -4) + 3 + -2.
1
Evaluate -6 - 0 - 1 - -10.
3
Calculate -5 - (0 + (2 - 6)).
-1
-6 + 1 + 3 + 2
0
What is 4 - ((-9 - -11) + 6)?
-4
(-10 - (-4 - -5) - -2) + 5
-4
What is the value of (-2 + 1 - 1) + 0 - -2?
0
-52 - -47 - (-7 - (0 + -2))
0
Evaluate (7 - 4) + -5 + 2 + 1.
1
8 + 3 + -19 + 9
1
Evaluate 4 + 1 + -13 + 3.
-5
Calculate -5 - -1 - (7 + -17).
6
What is -9 - -1 - (15 - 24)?
1
Evaluate -6 - -2 - (48 + -58).
6
What is (1 - -1) + (-6 - (5 + -5))?
-4
Calculate -1 + 7 + 1 + -1 + -3.
3
Calculate (15 - 0) + -20 - (-7 + -1).
3
What is the value of -7 - (-2 + -4) - 3?
-4
What is -4 + (3 + (-4 - -3) - 2)?
-4
Evaluate 14 + -10 - (-2 + 2 + -1).
5
Calculate -46 - -48 - (0 + -1) - -1.
4
Calculate -1 + -4 - (3 + 6 + -11).
-3
What is -6 + 4 + 4 + -8 + 5?
-1
-2 + 8 + -8 - 4
-6
Calculate (0 - 0) + -37 + 37.
0
Evaluate 1 + 5 + 6 + -8.
4
Calculate 4 - (4 - (-1 + 3)) - 2.
0
What is 3 + (-1 - -4) + (-23 - -19)?
2
Calculate -8 + 19 + 3 + -23.
-9
Evaluate -2 - (2 - 4) - -2.
2
87 - 92 - (-1 + -3 + -1)
0
Evaluate (-2 - 7 - -3) + 0.
-6
What is 6 + -6 + (-5 - -14 - 4)?
5
What is the value of 2 + 1 + 3 + -2 + -5?
-1
(10 - 15) + (2 - 3 - -4)
-2
What is the value of -6 - (-1 - -3 - (10 + -7))?
-5
Calculate -5 + (-6 - (-6 - 5)).
0
What is the value of -7 + (0 - (-7 + 4))?
-4
1 + -2 - (-10 - -11)
-2
Calculate 1 + 0 + (17 - 13).
5
Calculate 4 - (4 + 2 + 1).
-3
Evaluate 3 + -3 + (-1 - -1) + -5.
-5
What is 8 + (-3 - (2 - 0) - -6)?
9
10 + -4 + 6 - 8
4
What is the value of (1 + 2 - 2) + -6?
-5
-2 + -6 + 4 + (2 - 0)
-2
Evaluate -3 + 3 - (-1 - 0).
1
What is the value of (-2 - -3 - -1) + 2 + -2?
2
Evaluate 0 + 1 + 3 - (1 - 5).
8
Calculate 3 + -4 - (6 + -10).
3
-1 + 3 + 0 + 0
2
What is 3 + 6 + -10 + 5?
4
Evaluate -1 + 4 + -2 - (-2 + 5).
-2
Evaluate 3 + 0 - (2 + 11 + -11).
1
What is -5 - (2 + 3) - -5?
-5
What is the value of -25 - -16 - (-1 - 11)?
3
1 + (-4 - -3) + 1 + -2
-1
Evaluate (-11 - -14) + (4 - 3).
4
Calculate (2 - 2) + -1 - (21 - 23).
1
What is 2 + (-16 - -18) + -4 + 1?
1
7 - (-4 - (-10 - -4))
5
What is -3 - 0 - (6 + -5)?
-4
What is -3 - (-6 - -2) - (-5 + 10)?
-4
What is (21 - 0) + (59 - 72)?
8
What is -3 - (3 + (8 - 8))?
-6
Evaluate (138 - 154) + (1 - -8).
-7
What is (-2 - (5 + -1)) + 8?
2
(3 - -2) + -6 + -2
-3
Evaluate (4 - -8 - 8) + -4.
0
Evaluate (9 - (0 - -5)) + -9.
-5
What is 5 + 1 + (-4 - (-1 - 0))?
3
What is the value of -2 - (-6 - (-1 + -2) - -1)?
0
Evaluate 4 - (-10 - -13 - 3).
4
Evaluate (13 - 10) + -9 + 2.
-4
What is the value of 6 + (-11 + 8 - -4)?
7
What is 8 + -5 + (0 - 10 - -3)?
-4
Evaluate 2 - (4 + -8 - -9).
-3
(5 - (0 + 4)) + -1 + 6
6
6 + (7 - (8 - 2)) + -9
-2
Calculate 1 + 11 + (-41 - -37).
8
Calculate (-7 - -15) + (-8 - -2) + 2.
4
Evaluate 0 + 2 + -3 + -4.
-5
-8 + (2 + 1 - -6)
1
Evaluate -2 - (-3 + (9 + -1 - 2)).
-5
Calculate (-4 - -7 - 1) + (-10 - -4).
-4
What is the value of 5 + -16 + 3 - -6?
-2
(-5 - (-7 + 7)) + (0 - -3)
-2
Evaluate 20 + -23 + 1 + 3 + -1.
0
Calculate 0 + 7 + (194 - 207).
-6
Evaluate 4 - -1 - (-26 + 28).
3
5 + 1 - (-21 + -16 + 33)
10
Calculate 3 + 2 + (18 - 23).
0
What is -3 + 3 - (14 - 13)?
-1
What is the value of 4 + 4 - -1 - 9?
0
Evaluate -11 + 6 + (3 - (2 + 0)).
-4
What is the value of 0 + -1 - (-9 - -3)?
5
What is the value of 1 + 8 - (15 - 5)?
-1
What is -1 + 8 + -2 - 3?
2
Evaluate 10 + 3 + -3 + -14.
-4
Evaluate (-4 - -1) + -17 + 18.
-2
-2 + -5 - -9 - (3 + -4)
3
Calculate (38 - 42) + -4 + 1.
-7
-4 + (1 - (-3 - -2)) - -2
0
Calculate -43 + 50 - (7 - 1).
1
Evaluate (4 - (4 + -2)) + 3 + -7.
-2
What is the value of 3 + 2 + -2 - -1?
4
(-2 - (0 + 0)) + 3
1
-8 - 2 - (-8 + 2 + 1)
-5
What is the value of -120 - -123 - (1 - -11)?
-9
Evaluate (0 - -10) + -4 - (15 + -12).
3
-11 + 10 + (12 - 12)
-1
What is 4 - (3 - (4 - 6))?
-1
Calculate 2 + (-6 - -3) + -2.
-3
(4 - 7) + -6 + 10
1
Calculate (11 + -4 + -1 - 4) + 0.
2
Calculate 1 + (0 - 3) + -3 + 3.
-2
2 + (1 + 1 - 2)
2
Evaluate 0 - -2 - (2 + (3 - 3)).
0
What is the value of 1 + -10 + 2 + 12?
5
Calculate -8 + 16 + -8 - 3.
-3
1 + (8 + -6 - (6 + 0))
-3
Calculate -11 - (11 - (31 - 7)).
2
Evaluate -6 + (-1 + 3 + 1 - -1).
-2
Evaluate (-3 - -2) + 3 - (-4 + 1).
5
What i